{"id":27,"date":"2025-05-10T10:47:17","date_gmt":"2025-05-10T10:47:17","guid":{"rendered":"https:\/\/groupebm.net\/eiusa\/?page_id=27"},"modified":"2025-07-16T17:09:38","modified_gmt":"2025-07-16T17:09:38","slug":"blog","status":"publish","type":"page","link":"https:\/\/groupebm.net\/eiusa\/blog\/","title":{"rendered":"Blog"},"content":{"rendered":"\t\t<div data-elementor-type=\"wp-page\" data-elementor-id=\"27\" class=\"elementor elementor-27\">\n\t\t\t\t<div class=\"elementor-element elementor-element-09fa5df e-con-full e-flex wpr-particle-no wpr-jarallax-no wpr-parallax-no wpr-sticky-section-no wpr-equal-height-no e-con e-parent\" data-id=\"09fa5df\" data-element_type=\"container\" data-e-type=\"container\" data-settings=\"{&quot;background_background&quot;:&quot;classic&quot;}\">\n\t\t<div class=\"elementor-element elementor-element-a012bfc e-con-full elementor-hidden-tablet elementor-hidden-mobile e-flex wpr-particle-no wpr-jarallax-no wpr-parallax-no wpr-sticky-section-no wpr-equal-height-no e-con e-child\" data-id=\"a012bfc\" data-element_type=\"container\" data-e-type=\"container\">\n\t\t\t\t<div class=\"elementor-element elementor-element-942390e elementor-widget-tablet__width-initial elementor-widget elementor-widget-elementskit-heading\" data-id=\"942390e\" data-element_type=\"widget\" data-e-type=\"widget\" data-widget_type=\"elementskit-heading.default\">\n\t\t\t\t\t<div class=\"ekit-wid-con\" ><div class=\"ekit-heading elementskit-section-title-wraper text_center   ekit_heading_tablet-   ekit_heading_mobile-\"><h2 class=\"ekit-heading--title elementskit-section-title \">BLOG GBM<\/h2><\/div><\/div>\t\t\t\t<\/div>\n\t\t\t\t<\/div>\n\t\t\t\t<\/div>\n\t\t<div class=\"elementor-element elementor-element-1bd3edb e-flex e-con-boxed wpr-particle-no wpr-jarallax-no wpr-parallax-no wpr-sticky-section-no wpr-equal-height-no e-con e-parent\" data-id=\"1bd3edb\" data-element_type=\"container\" data-e-type=\"container\">\n\t\t\t\t\t<div class=\"e-con-inner\">\n\t\t<div class=\"elementor-element elementor-element-efe2821 e-con-full e-flex wpr-particle-no wpr-jarallax-no wpr-parallax-no wpr-sticky-section-no wpr-equal-height-no e-con e-child\" data-id=\"efe2821\" data-element_type=\"container\" data-e-type=\"container\">\n\t\t<div class=\"elementor-element elementor-element-2e56b7a e-con-full e-flex wpr-particle-no wpr-jarallax-no wpr-parallax-no wpr-sticky-section-no wpr-equal-height-no e-con e-child\" data-id=\"2e56b7a\" data-element_type=\"container\" data-e-type=\"container\">\n\t\t\t\t<div class=\"elementor-element elementor-element-0ec9339 wpr-button-icon-position-left elementor-widget__width-inherit wpr-button-icon-style-inline elementor-widget elementor-widget-wpr-button\" data-id=\"0ec9339\" data-element_type=\"widget\" data-e-type=\"widget\" data-widget_type=\"wpr-button.default\">\n\t\t\t\t\t\t\n\t\t\t\n\t\t\n\t\t<div class=\"wpr-button-wrap elementor-clearfix\">\n\t\t<a class=\"wpr-button wpr-button-effect elementor-animation-shrink\" data-text=\"\" href=\"https:\/\/outlook.office.com\/owa\/calendar\/NiyemBawana@gtvault.onmicrosoft.com\/bookings\/?ismsaljsauthenabled\" target=\"_blank\">\n\t\t\t\n\t\t\t<span class=\"wpr-button-content\">\n\t\t\t\t\t\t\t\t\t<span class=\"wpr-button-text\">R\u00e9servez votre consultation d\u00e8s aujourd&#039;hui !<\/span>\n\t\t\t\t\t\t\t\t\n\t\t\t\t\t\t\t\t\t<span class=\"wpr-button-icon\"><i class=\"icon icon-customer-service\"><\/i><\/span>\n\t\t\t\t\t\t\t<\/span>\n\t\t<\/a>\n\n\t\t\t\t<\/div>\n\t\n\t\n\t\t\t\t\t<\/div>\n\t\t\t\t<div class=\"elementor-element elementor-element-c0384fc wpr-button-icon-position-left elementor-widget__width-inherit wpr-button-icon-style-inline elementor-widget elementor-widget-wpr-button\" data-id=\"c0384fc\" data-element_type=\"widget\" data-e-type=\"widget\" data-widget_type=\"wpr-button.default\">\n\t\t\t\t\t\t\n\t\t\t\n\t\t\n\t\t<div class=\"wpr-button-wrap elementor-clearfix\">\n\t\t<a class=\"wpr-button wpr-button-effect elementor-animation-shrink\" data-text=\"\" href=\"https:\/\/forms.gle\/irpqXNXnSR2yGMoQ7\" target=\"_blank\">\n\t\t\t\n\t\t\t<span class=\"wpr-button-content\">\n\t\t\t\t\t\t\t\t\t<span class=\"wpr-button-text\">Nous offrons une \u00e9valuation gratuite de votre profil<\/span>\n\t\t\t\t\t\t\t\t\n\t\t\t\t\t\t\t\t\t<span class=\"wpr-button-icon\"><i class=\"icon icon-customer-service\"><\/i><\/span>\n\t\t\t\t\t\t\t<\/span>\n\t\t<\/a>\n\n\t\t\t\t<\/div>\n\t\n\t\n\t\t\t\t\t<\/div>\n\t\t\t\t<\/div>\n\t\t\t\t<\/div>\n\t\t\t\t\t<\/div>\n\t\t\t\t<\/div>\n\t\t<div class=\"elementor-element elementor-element-f722a96 e-flex e-con-boxed wpr-particle-no wpr-jarallax-no wpr-parallax-no wpr-sticky-section-no wpr-equal-height-no e-con e-parent\" data-id=\"f722a96\" data-element_type=\"container\" data-e-type=\"container\">\n\t\t\t\t\t<div class=\"e-con-inner\">\n\t\t<div class=\"elementor-element elementor-element-e0971f3 e-con-full e-flex wpr-particle-no wpr-jarallax-no wpr-parallax-no wpr-sticky-section-no wpr-equal-height-no e-con e-child\" data-id=\"e0971f3\" data-element_type=\"container\" data-e-type=\"container\">\n\t\t\t\t<div class=\"elementor-element elementor-element-5b4ce55 elementor-widget elementor-widget-heading\" data-id=\"5b4ce55\" data-element_type=\"widget\" data-e-type=\"widget\" data-widget_type=\"heading.default\">\n\t\t\t\t\t<h2 class=\"elementor-heading-title elementor-size-default\">Ne manquez jamais un article !<\/h2>\t\t\t\t<\/div>\n\t\t\t\t<div class=\"elementor-element elementor-element-2a620f2 elementor-widget elementor-widget-heading\" data-id=\"2a620f2\" data-element_type=\"widget\" data-e-type=\"widget\" data-widget_type=\"heading.default\">\n\t\t\t\t\t<h3 class=\"elementor-heading-title elementor-size-default\">Explorez nos derniers articles, nos analyses approfondies et nos actualit\u00e9s captivantes concernant les opportunit\u00e9s d'\u00e9tudes aux \u00c9tats-Unis, les d\u00e9marches d'immigration et les avanc\u00e9es technologiques les plus r\u00e9centes. Nous partageons ici notre expertise et nos perspectives sur ces domaines cl\u00e9s. Plongez-vous dans nos contenus informatifs et restez \u00e0 la pointe des informations essentielles pour vos projets d'\u00e9tudes, d'immigration ou votre int\u00e9r\u00eat pour le monde de la technologie. N'h\u00e9sitez pas \u00e0 naviguer \u00e0 travers nos diff\u00e9rentes cat\u00e9gories pour d\u00e9couvrir les articles qui correspondent le mieux \u00e0 vos besoins et \u00e0 votre curiosit\u00e9.<\/h3>\t\t\t\t<\/div>\n\t\t\t\t<\/div>\n\t\t\t\t<div class=\"elementor-element elementor-element-851fc7e premium-blog-align-left elementor-widget elementor-widget-premium-addon-blog\" data-id=\"851fc7e\" data-element_type=\"widget\" data-e-type=\"widget\" data-settings=\"{&quot;filter_flag&quot;:&quot;cat&quot;,&quot;premium_blog_grid&quot;:&quot;yes&quot;,&quot;premium_blog_layout&quot;:&quot;even&quot;,&quot;premium_blog_columns_number&quot;:&quot;50%&quot;,&quot;premium_blog_columns_number_tablet&quot;:&quot;50%&quot;,&quot;premium_blog_columns_number_mobile&quot;:&quot;100%&quot;,&quot;scroll_to_offset&quot;:&quot;yes&quot;}\" data-widget_type=\"premium-addon-blog.default\">\n\t\t\t\t\t\n\t\t\t\t\t\t\t<div class=\"premium-blog-filter\">\n\t\t\t<ul class=\"premium-blog-filters-container\">\n\t\t\t\t\t\t\t\t\t<li>\n\t\t\t\t\t\t<a href=\"javascript:;\" class=\"category active\" data-filter=\"*\">\n\t\t\t\t\t\t\tTous les articles\t\t\t\t\t\t<\/a>\n\t\t\t\t\t<\/li>\n\t\t\t\t\t\t\t\t\t\t\t\t\t\t<li>\n\t\t\t\t\t\t\t<a href=\"javascript:;\" class=\"category\" data-filter=\"admissions-universitaires\">\n\t\t\t\t\t\t\t\tAdmissions universitaires\t\t\t\t\t\t\t<\/a>\n\t\t\t\t\t\t<\/li>\n\t\t\t\t\t\t\t\t\t\t<li>\n\t\t\t\t\t\t\t<a href=\"javascript:;\" class=\"category\" data-filter=\"immigration\">\n\t\t\t\t\t\t\t\tImmigration\t\t\t\t\t\t\t<\/a>\n\t\t\t\t\t\t<\/li>\n\t\t\t\t\t\t\t\t\t\t<li>\n\t\t\t\t\t\t\t<a href=\"javascript:;\" class=\"category\" data-filter=\"usa-immigration\">\n\t\t\t\t\t\t\t\tImmigration\t\t\t\t\t\t\t<\/a>\n\t\t\t\t\t\t<\/li>\n\t\t\t\t\t\t\t\t\t\t<li>\n\t\t\t\t\t\t\t<a href=\"javascript:;\" class=\"category\" data-filter=\"university-admissions\">\n\t\t\t\t\t\t\t\tUniversity Admissions\t\t\t\t\t\t\t<\/a>\n\t\t\t\t\t\t<\/li>\n\t\t\t\t\t\t\t<\/ul>\n\t\t<\/div>\n\t\t\t\t\n\n\t\t\t\t<div class=\"premium-blog-wrap  premium-blog-even\" data-page=\"27\">\n\t\t\t\t\t\t\t\t\t<div class=\"premium-blog-post-outer-container usa-immigration\" data-total=\"1\">\n\t\t\t<div class=\"premium-blog-post-container premium-blog-skin-modern\">\n\t\t\t\t\t\t\t\t\t<div class=\"premium-blog-thumb-effect-wrapper\">\n\t\t\t\t\t\t<div class=\"premium-blog-thumbnail-container premium-blog-zoomin-effect\">\n\t\t\t\t\t\t\t\t\t\t\t<a href=\"https:\/\/groupebm.net\/eiusa\/en\/niw-your-gateway-to-a-green-card-in-the-u-s\/\" target=\"_self\">\n\t\t\t\t<img fetchpriority=\"high\" decoding=\"async\" width=\"412\" height=\"309\" src=\"https:\/\/groupebm.net\/eiusa\/wp-content\/uploads\/2025\/07\/NIW-blog-gbm_2025.webp\" class=\"attachment-large size-large wp-image-2330\" alt=\"NIW blog gbm\" srcset=\"https:\/\/groupebm.net\/eiusa\/wp-content\/uploads\/2025\/07\/NIW-blog-gbm_2025.webp 412w, https:\/\/groupebm.net\/eiusa\/wp-content\/uploads\/2025\/07\/NIW-blog-gbm_2025-300x225.webp 300w\" sizes=\"(max-width: 412px) 100vw, 412px\" \/>\t\t\t\t<\/a>\n\t\t\t\t\t\t\t\t\t\t<\/div>\n\t\t\t\t\t\t\t\t\t\t\t\t\t<div class=\"premium-blog-effect-container premium-blog-framed-effect\">\n\t\t\t\t\t\t\t\t<a class=\"premium-blog-post-link\" href=\"https:\/\/groupebm.net\/eiusa\/en\/niw-your-gateway-to-a-green-card-in-the-u-s\/\" target=\"_self\"><span>NIW : Your Gateway to a Green Card in the U.S<\/span><\/a>\n\t\t\t\t\t\t\t\t\t\t\t\t\t\t\t<\/div>\n\t\t\t\t\t\t\t\t\t\t\t<\/div>\n\t\t\t\t\t\t\t\t\t\t\t\t<div class=\"premium-blog-content-wrapper \">\n\n\t\t\t\t\t<div class=\"premium-blog-inner-container\">\n\n\t\t\t\t\t\t\t\t\t\t\t\t\t\t<h2 class=\"premium-blog-entry-title\">\n\t\t\t<a href=\"https:\/\/groupebm.net\/eiusa\/en\/niw-your-gateway-to-a-green-card-in-the-u-s\/\" target=\"_self\">\n\t\t\t\tNIW : Your Gateway to a Green Card in the U.S\t\t\t<\/a>\n\t\t<\/h2>\n\t\t\t\t<div class=\"premium-blog-entry-meta\">\n\t\t\t\t\t\t\t<div class=\"premium-blog-post-author premium-blog-meta-data\">\n\t\t\t\t\t<i class=\"fa fa-user fa-fw\" aria-hidden=\"true\"><\/i>\n\t\t\t\t\t<a href=\"https:\/\/groupebm.net\/eiusa\/author\/admin\/\" title=\"Posts by Equipe GBM\" rel=\"author\">Equipe GBM<\/a>\t\t\t\t<\/div>\n\t\t\t\n\t\t\t\t\t\t\t<span class=\"premium-blog-meta-separator\">\u2022<\/span>\n\t\t\t\t<div class=\"premium-blog-post-time premium-blog-meta-data\">\n\t\t\t\t\t<i class=\"fa fa-calendar-alt\" aria-hidden=\"true\"><\/i>\n\t\t\t\t\t<span>July 10, 2025<\/span>\n\t\t\t\t<\/div>\n\t\t\t\n\t\t\t\t\t\t\t<span class=\"premium-blog-meta-separator\">\u2022<\/span>\n\t\t\t\t<div class=\"premium-blog-post-categories premium-blog-meta-data\">\n\t\t\t\t\t<i class=\"fa fa-align-left fa-fw\" aria-hidden=\"true\"><\/i>\n\t\t\t\t\t<a href=\"https:\/\/groupebm.net\/eiusa\/en\/category\/usa-immigration\/\" rel=\"category tag\">Immigration<\/a>\t\t\t\t<\/div>\n\t\t\t\n\t\t\t\t\t\t\t<span class=\"premium-blog-meta-separator\">\u2022<\/span>\n\t\t\t\t<div class=\"premium-blog-post-comments premium-blog-meta-data\">\n\t\t\t\t\t<i class=\"fa fa-comments-o fa-fw\" aria-hidden=\"true\"><\/i>\n\t\t\t\t\t<a href=\"https:\/\/groupebm.net\/eiusa\/en\/niw-your-gateway-to-a-green-card-in-the-u-s\/#respond\">No Comments<\/a>\t\t\t\t<\/div>\n\t\t\t\t\t<\/div>\n\t\t\n\t\t\t\t\t<\/div>\n\n\t\t\t\t\t\t\t<div class=\"premium-blog-content-inner-wrapper\">\n\t\t<p class=\"premium-blog-post-content\">The National Interest Waiver (NIW) is a strategic immigration pathway that allows qualified professionals to obtain the U.S. Green Card without the \u2026<\/p>\t\t<\/div>\n\t\t\t\t\t\t\t\n\t\t\t\t<\/div>\n\t\t\t<\/div>\n\t\t<\/div>\n\n\t\t\t\t<div class=\"premium-blog-post-outer-container immigration\" data-total=\"1\">\n\t\t\t<div class=\"premium-blog-post-container premium-blog-skin-modern\">\n\t\t\t\t\t\t\t\t\t<div class=\"premium-blog-thumb-effect-wrapper\">\n\t\t\t\t\t\t<div class=\"premium-blog-thumbnail-container premium-blog-zoomin-effect\">\n\t\t\t\t\t\t\t\t\t\t\t<a href=\"https:\/\/groupebm.net\/eiusa\/niw-passerelle-vers-la-carte-verte-aux-etats-unis\/\" target=\"_self\">\n\t\t\t\t<img fetchpriority=\"high\" decoding=\"async\" width=\"412\" height=\"309\" src=\"https:\/\/groupebm.net\/eiusa\/wp-content\/uploads\/2025\/07\/NIW-blog-gbm_2025.webp\" class=\"attachment-large size-large wp-image-2330\" alt=\"NIW blog gbm\" srcset=\"https:\/\/groupebm.net\/eiusa\/wp-content\/uploads\/2025\/07\/NIW-blog-gbm_2025.webp 412w, https:\/\/groupebm.net\/eiusa\/wp-content\/uploads\/2025\/07\/NIW-blog-gbm_2025-300x225.webp 300w\" sizes=\"(max-width: 412px) 100vw, 412px\" \/>\t\t\t\t<\/a>\n\t\t\t\t\t\t\t\t\t\t<\/div>\n\t\t\t\t\t\t\t\t\t\t\t\t\t<div class=\"premium-blog-effect-container premium-blog-framed-effect\">\n\t\t\t\t\t\t\t\t<a class=\"premium-blog-post-link\" href=\"https:\/\/groupebm.net\/eiusa\/niw-passerelle-vers-la-carte-verte-aux-etats-unis\/\" target=\"_self\"><span>NIW : Votre passerelle vers la carte verte aux \u00c9tats-Unis<\/span><\/a>\n\t\t\t\t\t\t\t\t\t\t\t\t\t\t\t<\/div>\n\t\t\t\t\t\t\t\t\t\t\t<\/div>\n\t\t\t\t\t\t\t\t\t\t\t\t<div class=\"premium-blog-content-wrapper \">\n\n\t\t\t\t\t<div class=\"premium-blog-inner-container\">\n\n\t\t\t\t\t\t\t\t\t\t\t\t\t\t<h2 class=\"premium-blog-entry-title\">\n\t\t\t<a href=\"https:\/\/groupebm.net\/eiusa\/niw-passerelle-vers-la-carte-verte-aux-etats-unis\/\" target=\"_self\">\n\t\t\t\tNIW : Votre passerelle vers la carte verte aux \u00c9tats-Unis\t\t\t<\/a>\n\t\t<\/h2>\n\t\t\t\t<div class=\"premium-blog-entry-meta\">\n\t\t\t\t\t\t\t<div class=\"premium-blog-post-author premium-blog-meta-data\">\n\t\t\t\t\t<i class=\"fa fa-user fa-fw\" aria-hidden=\"true\"><\/i>\n\t\t\t\t\t<a href=\"https:\/\/groupebm.net\/eiusa\/author\/admin\/\" title=\"Posts by Equipe GBM\" rel=\"author\">Equipe GBM<\/a>\t\t\t\t<\/div>\n\t\t\t\n\t\t\t\t\t\t\t<span class=\"premium-blog-meta-separator\">\u2022<\/span>\n\t\t\t\t<div class=\"premium-blog-post-time premium-blog-meta-data\">\n\t\t\t\t\t<i class=\"fa fa-calendar-alt\" aria-hidden=\"true\"><\/i>\n\t\t\t\t\t<span>July 10, 2025<\/span>\n\t\t\t\t<\/div>\n\t\t\t\n\t\t\t\t\t\t\t<span class=\"premium-blog-meta-separator\">\u2022<\/span>\n\t\t\t\t<div class=\"premium-blog-post-categories premium-blog-meta-data\">\n\t\t\t\t\t<i class=\"fa fa-align-left fa-fw\" aria-hidden=\"true\"><\/i>\n\t\t\t\t\t<a href=\"https:\/\/groupebm.net\/eiusa\/category\/immigration\/\" rel=\"category tag\">Immigration<\/a>\t\t\t\t<\/div>\n\t\t\t\n\t\t\t\t\t\t\t<span class=\"premium-blog-meta-separator\">\u2022<\/span>\n\t\t\t\t<div class=\"premium-blog-post-comments premium-blog-meta-data\">\n\t\t\t\t\t<i class=\"fa fa-comments-o fa-fw\" aria-hidden=\"true\"><\/i>\n\t\t\t\t\t<a href=\"https:\/\/groupebm.net\/eiusa\/niw-passerelle-vers-la-carte-verte-aux-etats-unis\/#respond\">No Comments<\/a>\t\t\t\t<\/div>\n\t\t\t\t\t<\/div>\n\t\t\n\t\t\t\t\t<\/div>\n\n\t\t\t\t\t\t\t<div class=\"premium-blog-content-inner-wrapper\">\n\t\t<p class=\"premium-blog-post-content\">Le National Interest Waiver (NIW) est une proc\u00e9dure d\u2019immigration strat\u00e9gique qui permet aux professionnels qualifi\u00e9s d\u2019obtenir la carte verte am\u00e9ricaine sans avoir \u2026<\/p>\t\t<\/div>\n\t\t\t\t\t\t\t\n\t\t\t\t<\/div>\n\t\t\t<\/div>\n\t\t<\/div>\n\n\t\t\t\t<div class=\"premium-blog-post-outer-container university-admissions\" data-total=\"1\">\n\t\t\t<div class=\"premium-blog-post-container premium-blog-skin-modern\">\n\t\t\t\t\t\t\t\t\t<div class=\"premium-blog-thumb-effect-wrapper\">\n\t\t\t\t\t\t<div class=\"premium-blog-thumbnail-container premium-blog-zoomin-effect\">\n\t\t\t\t\t\t\t\t\t\t\t<a href=\"https:\/\/groupebm.net\/eiusa\/en\/english-the-key-to-opportunity\/\" target=\"_self\">\n\t\t\t\t<img decoding=\"async\" width=\"800\" height=\"600\" src=\"https:\/\/groupebm.net\/eiusa\/wp-content\/uploads\/2025\/07\/cours-anglais-blog-gbm-2025.jpg\" class=\"attachment-large size-large wp-image-2240\" alt=\"Cours anglais blog gbm\" srcset=\"https:\/\/groupebm.net\/eiusa\/wp-content\/uploads\/2025\/07\/cours-anglais-blog-gbm-2025.jpg 800w, https:\/\/groupebm.net\/eiusa\/wp-content\/uploads\/2025\/07\/cours-anglais-blog-gbm-2025-300x225.jpg 300w, https:\/\/groupebm.net\/eiusa\/wp-content\/uploads\/2025\/07\/cours-anglais-blog-gbm-2025-768x576.jpg 768w\" sizes=\"(max-width: 800px) 100vw, 800px\" \/>\t\t\t\t<\/a>\n\t\t\t\t\t\t\t\t\t\t<\/div>\n\t\t\t\t\t\t\t\t\t\t\t\t\t<div class=\"premium-blog-effect-container premium-blog-framed-effect\">\n\t\t\t\t\t\t\t\t<a class=\"premium-blog-post-link\" href=\"https:\/\/groupebm.net\/eiusa\/en\/english-the-key-to-opportunity\/\" target=\"_self\"><span>English, the Key to Opportunity !<\/span><\/a>\n\t\t\t\t\t\t\t\t\t\t\t\t\t\t\t<\/div>\n\t\t\t\t\t\t\t\t\t\t\t<\/div>\n\t\t\t\t\t\t\t\t\t\t\t\t<div class=\"premium-blog-content-wrapper \">\n\n\t\t\t\t\t<div class=\"premium-blog-inner-container\">\n\n\t\t\t\t\t\t\t\t\t\t\t\t\t\t<h2 class=\"premium-blog-entry-title\">\n\t\t\t<a href=\"https:\/\/groupebm.net\/eiusa\/en\/english-the-key-to-opportunity\/\" target=\"_self\">\n\t\t\t\tEnglish, the Key to Opportunity !\t\t\t<\/a>\n\t\t<\/h2>\n\t\t\t\t<div class=\"premium-blog-entry-meta\">\n\t\t\t\t\t\t\t<div class=\"premium-blog-post-author premium-blog-meta-data\">\n\t\t\t\t\t<i class=\"fa fa-user fa-fw\" aria-hidden=\"true\"><\/i>\n\t\t\t\t\t<a href=\"https:\/\/groupebm.net\/eiusa\/author\/admin\/\" title=\"Posts by Equipe GBM\" rel=\"author\">Equipe GBM<\/a>\t\t\t\t<\/div>\n\t\t\t\n\t\t\t\t\t\t\t<span class=\"premium-blog-meta-separator\">\u2022<\/span>\n\t\t\t\t<div class=\"premium-blog-post-time premium-blog-meta-data\">\n\t\t\t\t\t<i class=\"fa fa-calendar-alt\" aria-hidden=\"true\"><\/i>\n\t\t\t\t\t<span>July 10, 2025<\/span>\n\t\t\t\t<\/div>\n\t\t\t\n\t\t\t\t\t\t\t<span class=\"premium-blog-meta-separator\">\u2022<\/span>\n\t\t\t\t<div class=\"premium-blog-post-categories premium-blog-meta-data\">\n\t\t\t\t\t<i class=\"fa fa-align-left fa-fw\" aria-hidden=\"true\"><\/i>\n\t\t\t\t\t<a href=\"https:\/\/groupebm.net\/eiusa\/en\/category\/university-admissions\/\" rel=\"category tag\">University Admissions<\/a>\t\t\t\t<\/div>\n\t\t\t\n\t\t\t\t\t\t\t<span class=\"premium-blog-meta-separator\">\u2022<\/span>\n\t\t\t\t<div class=\"premium-blog-post-comments premium-blog-meta-data\">\n\t\t\t\t\t<i class=\"fa fa-comments-o fa-fw\" aria-hidden=\"true\"><\/i>\n\t\t\t\t\t<a href=\"https:\/\/groupebm.net\/eiusa\/en\/english-the-key-to-opportunity\/#respond\">No Comments<\/a>\t\t\t\t<\/div>\n\t\t\t\t\t<\/div>\n\t\t\n\t\t\t\t\t<\/div>\n\n\t\t\t\t\t\t\t<div class=\"premium-blog-content-inner-wrapper\">\n\t\t<p class=\"premium-blog-post-content\">English has become much more than just another foreign language. Today, it is a true passport to accessing educational, professional, and scientific \u2026<\/p>\t\t<\/div>\n\t\t\t\t\t\t\t\n\t\t\t\t<\/div>\n\t\t\t<\/div>\n\t\t<\/div>\n\n\t\t\t\t<div class=\"premium-blog-post-outer-container admissions-universitaires\" data-total=\"1\">\n\t\t\t<div class=\"premium-blog-post-container premium-blog-skin-modern\">\n\t\t\t\t\t\t\t\t\t<div class=\"premium-blog-thumb-effect-wrapper\">\n\t\t\t\t\t\t<div class=\"premium-blog-thumbnail-container premium-blog-zoomin-effect\">\n\t\t\t\t\t\t\t\t\t\t\t<a href=\"https:\/\/groupebm.net\/eiusa\/anglais-cle-des-opportunites\/\" target=\"_self\">\n\t\t\t\t<img decoding=\"async\" width=\"800\" height=\"600\" src=\"https:\/\/groupebm.net\/eiusa\/wp-content\/uploads\/2025\/07\/cours-anglais-blog-gbm-2025.jpg\" class=\"attachment-large size-large wp-image-2240\" alt=\"Cours anglais blog gbm\" srcset=\"https:\/\/groupebm.net\/eiusa\/wp-content\/uploads\/2025\/07\/cours-anglais-blog-gbm-2025.jpg 800w, https:\/\/groupebm.net\/eiusa\/wp-content\/uploads\/2025\/07\/cours-anglais-blog-gbm-2025-300x225.jpg 300w, https:\/\/groupebm.net\/eiusa\/wp-content\/uploads\/2025\/07\/cours-anglais-blog-gbm-2025-768x576.jpg 768w\" sizes=\"(max-width: 800px) 100vw, 800px\" \/>\t\t\t\t<\/a>\n\t\t\t\t\t\t\t\t\t\t<\/div>\n\t\t\t\t\t\t\t\t\t\t\t\t\t<div class=\"premium-blog-effect-container premium-blog-framed-effect\">\n\t\t\t\t\t\t\t\t<a class=\"premium-blog-post-link\" href=\"https:\/\/groupebm.net\/eiusa\/anglais-cle-des-opportunites\/\" target=\"_self\"><span>L\u2019anglais, la cl\u00e9 des opportunit\u00e9s !<\/span><\/a>\n\t\t\t\t\t\t\t\t\t\t\t\t\t\t\t<\/div>\n\t\t\t\t\t\t\t\t\t\t\t<\/div>\n\t\t\t\t\t\t\t\t\t\t\t\t<div class=\"premium-blog-content-wrapper \">\n\n\t\t\t\t\t<div class=\"premium-blog-inner-container\">\n\n\t\t\t\t\t\t\t\t\t\t\t\t\t\t<h2 class=\"premium-blog-entry-title\">\n\t\t\t<a href=\"https:\/\/groupebm.net\/eiusa\/anglais-cle-des-opportunites\/\" target=\"_self\">\n\t\t\t\tL\u2019anglais, la cl\u00e9 des opportunit\u00e9s !\t\t\t<\/a>\n\t\t<\/h2>\n\t\t\t\t<div class=\"premium-blog-entry-meta\">\n\t\t\t\t\t\t\t<div class=\"premium-blog-post-author premium-blog-meta-data\">\n\t\t\t\t\t<i class=\"fa fa-user fa-fw\" aria-hidden=\"true\"><\/i>\n\t\t\t\t\t<a href=\"https:\/\/groupebm.net\/eiusa\/author\/admin\/\" title=\"Posts by Equipe GBM\" rel=\"author\">Equipe GBM<\/a>\t\t\t\t<\/div>\n\t\t\t\n\t\t\t\t\t\t\t<span class=\"premium-blog-meta-separator\">\u2022<\/span>\n\t\t\t\t<div class=\"premium-blog-post-time premium-blog-meta-data\">\n\t\t\t\t\t<i class=\"fa fa-calendar-alt\" aria-hidden=\"true\"><\/i>\n\t\t\t\t\t<span>July 10, 2025<\/span>\n\t\t\t\t<\/div>\n\t\t\t\n\t\t\t\t\t\t\t<span class=\"premium-blog-meta-separator\">\u2022<\/span>\n\t\t\t\t<div class=\"premium-blog-post-categories premium-blog-meta-data\">\n\t\t\t\t\t<i class=\"fa fa-align-left fa-fw\" aria-hidden=\"true\"><\/i>\n\t\t\t\t\t<a href=\"https:\/\/groupebm.net\/eiusa\/category\/admissions-universitaires\/\" rel=\"category tag\">Admissions universitaires<\/a>\t\t\t\t<\/div>\n\t\t\t\n\t\t\t\t\t\t\t<span class=\"premium-blog-meta-separator\">\u2022<\/span>\n\t\t\t\t<div class=\"premium-blog-post-comments premium-blog-meta-data\">\n\t\t\t\t\t<i class=\"fa fa-comments-o fa-fw\" aria-hidden=\"true\"><\/i>\n\t\t\t\t\t<a href=\"https:\/\/groupebm.net\/eiusa\/anglais-cle-des-opportunites\/#respond\">No Comments<\/a>\t\t\t\t<\/div>\n\t\t\t\t\t<\/div>\n\t\t\n\t\t\t\t\t<\/div>\n\n\t\t\t\t\t\t\t<div class=\"premium-blog-content-inner-wrapper\">\n\t\t<p class=\"premium-blog-post-content\">L\u2019anglais est devenu bien plus qu&#8217;une langue \u00e9trang\u00e8re parmi d&#8217;autres. C&#8217;est aujourd\u2019hui un v\u00e9ritable passeport pour acc\u00e9der aux opportunit\u00e9s \u00e9ducatives, professionnelles et \u2026<\/p>\t\t<\/div>\n\t\t\t\t\t\t\t\n\t\t\t\t<\/div>\n\t\t\t<\/div>\n\t\t<\/div>\n\n\t\t\t\t\t\t\t<\/div>\n\n\t\t\n\t\t\n\t\t\t\t\t\t<\/div>\n\t\t\t\t\t<\/div>\n\t\t\t\t<\/div>\n\t\t\t\t<\/div>\n\t\t","protected":false},"excerpt":{"rendered":"<p>BLOG GBM R\u00e9servez votre consultation d\u00e8s aujourd&#039;hui ! Nous offrons une \u00e9valuation gratuite de votre profil Ne manquez jamais un article ! Explorez nos derniers articles, nos analyses approfondies et nos actualit\u00e9s captivantes concernant les opportunit\u00e9s d&#8217;\u00e9tudes aux \u00c9tats-Unis, les d\u00e9marches d&#8217;immigration et les avanc\u00e9es technologiques les plus r\u00e9centes. Nous partageons ici notre expertise et nos perspectives sur ces domaines cl\u00e9s. Plongez-vous dans nos contenus informatifs et restez \u00e0 la pointe des informations essentielles pour vos projets d&#8217;\u00e9tudes, d&#8217;immigration ou votre int\u00e9r\u00eat pour le monde de la technologie. N&#8217;h\u00e9sitez pas \u00e0 naviguer \u00e0 travers nos diff\u00e9rentes cat\u00e9gories pour d\u00e9couvrir les articles qui correspondent le mieux \u00e0 vos besoins et \u00e0 votre curiosit\u00e9. Tous les articles Immigration University Admissions NIW : Your Gateway to a Green Card in the U.S NIW : Your Gateway to a Green Card in the U.S Equipe GBM \u2022 July 10, 2025 \u2022 Immigration \u2022 No Comments English, the Key to Opportunity ! English, the Key to Opportunity ! Equipe GBM \u2022 July 10, 2025 \u2022 University Admissions \u2022 No Comments<\/p>\n","protected":false},"author":1,"featured_media":0,"parent":0,"menu_order":0,"comment_status":"closed","ping_status":"closed","template":"elementor_canvas","meta":{"slim_seo":{"title":"L\u2019anglais, la cl\u00e9 des opportunit\u00e9s ! - eiusa","description":"L\u2019anglais est devenu bien plus qu'une langue \u00e9trang\u00e8re parmi d'autres. C'est aujourd\u2019hui un v\u00e9ritable passeport pour acc\u00e9der aux opportunit\u00e9s \u00e9ducatives, profes"},"footnotes":""},"wf_page_folders":[52],"class_list":["post-27","page","type-page","status-publish","hentry"],"blocksy_meta":[],"_links":{"self":[{"href":"https:\/\/groupebm.net\/eiusa\/wp-json\/wp\/v2\/pages\/27","targetHints":{"allow":["GET"]}}],"collection":[{"href":"https:\/\/groupebm.net\/eiusa\/wp-json\/wp\/v2\/pages"}],"about":[{"href":"https:\/\/groupebm.net\/eiusa\/wp-json\/wp\/v2\/types\/page"}],"author":[{"embeddable":true,"href":"https:\/\/groupebm.net\/eiusa\/wp-json\/wp\/v2\/users\/1"}],"replies":[{"embeddable":true,"href":"https:\/\/groupebm.net\/eiusa\/wp-json\/wp\/v2\/comments?post=27"}],"version-history":[{"count":0,"href":"https:\/\/groupebm.net\/eiusa\/wp-json\/wp\/v2\/pages\/27\/revisions"}],"wp:attachment":[{"href":"https:\/\/groupebm.net\/eiusa\/wp-json\/wp\/v2\/media?parent=27"}],"wp:term":[{"taxonomy":"wf_page_folders","embeddable":true,"href":"https:\/\/groupebm.net\/eiusa\/wp-json\/wp\/v2\/wf_page_folders?post=27"}],"curies":[{"name":"wp","href":"https:\/\/api.w.org\/{rel}","templated":true}]}}